 2. Let x(y) = -5*k(y) + v(y). Calculate x(4).
-3
Let g be (-69)/(-15) + 6/(-10). Let a(n) = n**3 - 5*n**2 + n + 2. What is a(g)?
-10
Let k be (-5)/(-10)*-2 - 3. Let d(t) be the second derivative of 2*t + 5/6*t**3 + 0 + 5/2*t**2 + 5/12*t**4 + 1/20*t**5. Give d(k).
1
Let n(y) = -68*y + 35*y + 5 + 35*y. Determine n(0).
5
Let i(h) = -h**2 + 2 + 5*h - 7*h**2 - h**2 - 2*h**3 + h**3 + 5*h**2. Calculate i(-3).
-22
Suppose 4 = 115*v - 113*v. Let y(o) = -20*o + 14*o - 2*o**v + 5*o - 3*o**2 - 1. Determine y(2).
-23
Let y = 5 - -6. Suppose -6*b - 45 = -y*b. Let g be ((-24)/b)/(3/9). Let z(a) = -a - 9. Calculate z(g).
-1
Let m be 99/39 - 144/(-312). Let t(v) = -v**2 + 6*v + 1. Calculate t(m).
10
Let w(r) = 3*r**3 - 2*r + 1. Let q be (40/24 - 1) + (-2)/(-6). Give w(q).
2
Let l(m) = -3*m - 1. Let i be 2 + (8 - 7) + -5. What is l(i)?
5
Let w = 33 + -27. Let l(v) = -8*v**2 + 5 - 3 + w*v + 1 + 9*v**2. Determine l(-4).
-5
Let a(y) = -2*y**3 - y**2. Let l(w) = 5*w**3 + 7*w**2 - 3*w - 1. Let b(m) = -3*a(m) - l(m). Suppose 0 = -5*r + 11 + 4. Give b(r).
1
Let n(a) = a. Let y be n(-4). Let x(p) = 2*p + 2. Give x(y).
-6
Let y = 83 - 83. Let u(r) be the third derivative of r**2 + 0*r**5 - 7/6*r**3 - 1/120*r**6 + 1/24*r**4 + 0*r + y. Determine u(0).
-7
Let j(p) = p**2 + 4*p + 7. Let k be 1*6*1/(-3). Determine j(k).
3
Let z(p) = 4*p - 4. Let k = 1014 - 1019. Calculate z(k).
-24
Let h(c) = 4*c**3 - 13*c**3 - 3*c - 4*c**2 + 8*c**3 + 9*c. Determine h(-5).
-5
Let u(a) be the second derivative of a**6/360 - a**5/120 + 7*a**3/2 - 7*a. Let t(w) be the second derivative of u(w). Give t(3).
6
Suppose 3*i = -d - 2*i - 28, -2*i + 2 = -4*d. Let x(l) = -3 + 1 + 7 - l**2 - 2*l - 1. Determine x(d).
1
Let u(n) = 7*n - 2. Let o be (-1846)/(-117) - 2/(-9). Let f = o - 14. Determine u(f).
12
Let f(q) = 2*q + 5. Let o be -12 + 8 + 11 - 0/(-2). Give f(o).
19
Let f(b) = -5*b - 7. Let o be f(17). Let t be (-1 - 2)/(69/o). Let q be (t - (3 - 0))*0. Let p(l) = l - 3. What is p(q)?
-3
Let s(x) = 9*x + 31. Let m = -655 - -651. Calculate s(m).
-5
Let f(t) = -t - 4. Let g = -193 - 43. Let y be (-2)/(-10) + g/(-20). Let b = 8 - y. Calculate f(b).
0
Let q(m) = -m**3 + 7*m**2 - 2*m + 8. Let a = -516 - -523. Give q(a).
-6
Let v(o) = -3*o**2 + 3*o - 19. Let r(w) = w**2 - w + 7. Let y(f) = 8*r(f) + 3*v(f). Give y(-2).
-7
Let z(r) = 3*r**2 - r + 6. Let c(i) = -11 - 8 - 10*i - 10*i**2 + 12*i. Let m(x) = 2*c(x) + 7*z(x). Let t(k) be the first derivative of m(k). Give t(-3).
-9
Let l(g) be the first derivative of g**5/40 - g**4/12 + 2*g**3/3 - 7. Let k(t) be the third derivative of l(t). What is k(2)?
4
Let n = 937 + -937. Let d(r) = -r**3 + r**2 - 4. What is d(n)?
-4
Let x(g) = 31*g**2 + 186 - 89 - 98 + g + 2*g**2. What is x(1)?
33
Let b(x) = 1. Let k = 130 - 131. Let l(h) = -4*h - 6. Let n(w) = k*l(w) - 6*b(w). Calculate n(3).
12
Let c(d) = -3*d - 20. Let j be c(-10). Let l(v) = j*v - 12*v - 11*v**2 + 18*v**2 - 8 + v**3. Calculate l(-7).
6
Suppose 3*b = -3*h - 30, -3*h - 47 = 5*b + h. Let d(u) = -9*u - 11. Let i(g) = 4*g + 5. Let t(l) = b*i(l) - 3*d(l). Let w = 1 - -1. Determine t(w).
-4
Let c(l) = -2 + 1 - 12*l - l**3 - 12*l**2 - 3 - 6 - 9. What is c(-11)?
-8
Let s(a) = -2*a**2 + 3*a + 8. Let m be s(0). Let q(w) = 3*w - 7. Give q(m).
17
Let j be ((-6)/4)/(-4*15/80). Let u(f) = -8*f**2 + f**2 - j - 4*f + 6*f**2. Determine u(-5).
-7
Let y(s) = s**3 - 2*s**2. Let d = -541 - -541. Calculate y(d).
0
Let t(k) = -k**3 + 2*k**2 + 2*k - 1. Suppose -64 = -2*p + 6*p. Suppose -11*y + 13*y - 32 = 0. Let w be y/(-9) - p/(-72). Give t(w).
11
Let v(i) = i**2 - 2*i**3 + 3*i**3 - 4*i**3 - 4*i**3. Let d = -13 - -9. Let z be d/6*9/6. Calculate v(z).
8
Let d(o) = -43*o**3 - o**2 - 2*o - 2. Suppose -z + 5*t + 4 = 0, 2*t + 8 = -5*z - t. Determine d(z).
42
Let k(s) = s**2 + s - 5. Let o(c) = 11 + c**2 - 28 + 12. Let l(r) = -5*k(r) + 4*o(r). Calculate l(-5).
5
Let o(g) = -3*g. Let k(c) = 113*c**2 + 3*c - 4. Let s be k(1). Let m = 114 - s. Calculate o(m).
-6
Let l(m) = m**2 - 6*m + 5. Let w = -25 - -40. Let s = w - 11. Give l(s).
-3
Let d(h) = h**2 + h - 4. Suppose -4*g + 2*g = -6. Suppose 5 = g*x + 2*x. Suppose x = c + 4. Determine d(c).
2
Suppose -30 = -6*b + 6. Let i(k) = -k**3 + 6*k**2 + k + 7. What is i(b)?
13
Let w(o) = 8*o + 9. Let d(m) = -4*m - 15. Let b(n) = 5*n + 14. Let x(i) = 5*b(i) + 4*d(i). Let r(k) = -5*w(k) + 4*x(k). Calculate r(-5).
15
Let a(m) = -263 - m**2 - 8*m + 2*m**2 + 272. Suppose -p + 9 = 3. Give a(p).
-3
Let m be 1*2/(-4)*0. Suppose 5*y + 2*t + t - 30 = m, 3*y - 29 = -4*t. Suppose 5*k = y*k + 10. Let i(z) = -z**2 + 2*z + 5. What is i(k)?
-10
Let z(f) be the third derivative of -f**6/120 + f**5/20 - f**4/8 + 4*f**3/3 + 59*f**2 - 2*f. Give z(3).
-1
Let d = 69 - 77. Let m(v) = v**2 + 5*v - 8. Let r be m(-9). Let o be (-185)/35 - d/r. Let x(a) = a - 1. What is x(o)?
-6
Let q(y) = y + 1. Let m(h) = -6*h - 10. Let c(k) = -k**3 - 4*k**2 + 3*k + 10. Let b be c(-3). Let p(v) = b*q(v) - m(v). Calculate p(3).
-4
Let z(x) be the third derivative of 0*x + 0*x**3 + 1/120*x**6 + 1/15*x**5 - 9*x**2 + 0 - 1/6*x**4. Calculate z(-5).
-5
Let h(z) = z**3 - 4*z**2 + z. Let v(f) = f**2 + 4*f + 1. Let k be v(-5). Suppose 0 = -3*o - 15, -2*t - k*o = -o - 13. Let s = -15 + t. Determine h(s).
4
Let n(w) be the third derivative of w**6/120 - w**5/10 + w**4/6 - 4*w**3/3 + 343*w**2. Determine n(6).
16
Let g(m) be the first derivative of -m**3 - 3*m**2/2 + 3*m - 56. Give g(-3).
-15
Let y be ((-3)/(-2) - 1)*10. Let g(l) = -1 - y*l + 2 + 6*l. Suppose 0 = 3*p + 21 - 3. Give g(p).
-5
Let c(h) = -h**3 + 6*h - 4. Let n(j) = 5*j**3 - j**2 - 26*j + 16. Let y(k) = -9*c(k) - 2*n(k). Give y(0).
4
Let z(u) = 3*u**2 + 7 - u**3 - 4*u**2 - 4*u**2 + 467*u - 460*u. Calculate z(-6).
1
Suppose 1 + 15 = 2*n. Let c(w) = n*w**3 + w**2 + 0 + 2 - 3 - w. Calculate c(-1).
-7
Let r(h) = 15*h + 301. Let o be r(-19). Let b(w) = -3*w + 22. What is b(o)?
-26
Let k(z) = -31*z**2 - 36*z - 41. Let l(i) = 11*i**2 + 12*i + 14. Let x(h) = -6*k(h) - 17*l(h). Give x(13).
-5
Suppose -3*b - 158 = -5*d, -3*b - 4*d = -0*d + 176. Let n be b/(-16) - 2/4. Let z(f) = -f**3 + f**2 + 4*f - 2. Give z(n).
-8
Let i(f) be the third derivative of f**5/60 - 31*f**3/6 + 409*f**2. What is i(6)?
5
Let n(x) = 2*x - 8. Let y be n(5). Let i(t) = -t - 17. Let u(q) = -3*q - 52. Let r(a) = y*u(a) - 7*i(a). What is r(-7)?
8
Let z(a) = a**2 + 8*a + 2. Let o be (-80)/(-15)*3/4. Suppose i - 4 = 0, 0*t + 4*t = -o*i - 12. Give z(t).
-5
Suppose w + 3 - 2 = 0. Let q(a) = -a**3 + a**2 + a - 1. Suppose -6*k + 11 = 5. Let p(b) = -3*b**3 + 2*b**2 + 2*b - 3. Let h(g) = k*p(g) - 2*q(g). Give h(w).
0
Let y(m) = -m**2 + 10*m + 13. Let p be y(11). Let f(s) = 0 + 12*s + p - s - 3*s. Calculate f(-2).
-14
Let i(z) = -18*z. Suppose 32 + 8 = 8*y. Suppose j + 4 = y*j. Determine i(j).
-18
Let v be ((22/3)/(-11))/(1/(-12)). Suppose -17 = 3*c - v. Let k(r) = -r + 4. Give k(c).
7
Let r(j) = -j + 1. Let b(c) be the third derivative of c**5/30 + c**4/2 - c**3 - 9*c**2. Let n be b(-6). Give r(n).
7
Let j(r) be the third derivative of r**5/30 - r**4/6 - r**3/6 + 2*r**2 + 41. Calculate j(3).
5
Let j(f) = -f + 2. Let y be j(7). Let c(b) = 3*b**2 - b + 3. Let r(u) = 8*u**2 - 4*u + 8. Let i(p) = y*r(p) + 14*c(p). Give i(-5).
22
Let d(q) = -q - 3. Let i(j) = j + 20. Let n(t) = 2*d(t) + i(t). Give n(7).
7
Let q(f) be the third derivative of f**5/60 - 3*f**4/8 + 4*f**3/3 + 10*f**2. Let b be q(8). Let t(p) = -p**2 - 4. Give t(b).
-4
Let h be 2/(-3) - (-4)/6. Let o(x) = x**3 + 19*x**2 + 6*x + 10. Let a(z) = 4*z**2 + z + 2. Let r(k) = -5*a(k) + o(k). Give r(h).
0
Suppose a = 6*a - 90. Let y(p) = p**3 - 17*p**2 - 17*p - 13. Determine y(a).
5
Let y be 94/(-18) + 2/9. Suppose -5*f = 1 - 16. Let q(l) = -3*l + 0*l**3 + 0*l**f + 4*l**2 + l**3 + 3. What is q(y)?
-7
Let n(r) = 238*r - 27 + 247*r + 7 - 486*r. Give n(-5).
-15
Let h(g) be the first derivative of -3*g**3 + 28 - 34 + 4*g**3. What is h(-1)?
3
Let v(i) = 11*i - 7. Let q = -110 + 111. Calculate v(q).
4
Let n(k) = 3*k + 12. Let q(g) = 13*g + 51. Let t(w) = -9*n(w) + 2*q(w). What is t(-5)?
-1
Let b(h) = -h + 4. Let q = 74 - 69. Suppose 3*l + 3*v - 9 = 0, 0 = -3*l + v + 4 + 5. Suppose q = u - l. Give b(u).
-4
Let i(c) be the third derivative of c**6/120 - c**5/4 + 7*c**4/12 - 13*c**3/6